{"id":11980,"date":"2026-07-15T07:14:08","date_gmt":"2026-07-15T10:14:08","guid":{"rendered":"https:\/\/cursos.ufrrj.br\/posgraduacao\/profqui\/?page_id=11980"},"modified":"2026-08-19T11:19:19","modified_gmt":"2026-08-19T14:19:19","slug":"alunos-ativos","status":"publish","type":"page","link":"https:\/\/cursos.ufrrj.br\/posgraduacao\/profqui\/alunos-ativos\/","title":{"rendered":"Discentes"},"content":{"rendered":"\n<figure id=\"25\" class=\"wp-block-table tabela-profqui is-style-stripes has-small-font-size\"><table class=\"has-background has-fixed-layout\" style=\"background-color:#8dd2fc96\"><tbody><tr><td>Matr\u00edcula<\/td><td>Nome<\/td><td>In\u00edcio<\/td><\/tr><tr><td>20251001302<\/td><td>&nbsp;CRISTIANE ANTONIO&nbsp;&nbsp;&nbsp;&nbsp;&nbsp;&nbsp;&nbsp;&nbsp;&nbsp;&nbsp;&nbsp;&nbsp;&nbsp;<\/td><td>03\/2025<\/td><\/tr><tr><td>20251001311<\/td><td>&nbsp;ERIC TRILES&nbsp;<\/td><td>03\/2025<\/td><\/tr><tr><td>20261001271<\/td><td>&nbsp;FLAVIA TAVARES TEIXEIRA PAIVA&nbsp;&nbsp;&nbsp;<\/td><td>02\/2026<\/td><\/tr><tr><td>20251001320<\/td><td>&nbsp;FLAVIO STEFONY FERREIRA&nbsp;&nbsp;&nbsp;&nbsp;&nbsp;&nbsp;&nbsp;&nbsp;&nbsp;&nbsp;&nbsp;&nbsp;&nbsp;<\/td><td>03\/2025<\/td><\/tr><tr><td>20251001376<\/td><td>&nbsp;GEORGE WALLACE MARQUES RANGEL&nbsp;&nbsp;&nbsp;&nbsp;&nbsp;&nbsp;&nbsp;&nbsp;&nbsp;&nbsp;&nbsp;&nbsp;&nbsp;&nbsp;&nbsp;<\/td><td>03\/2025<\/td><\/tr><tr><td>20261001226<\/td><td>&nbsp;GUSTAVO DA SILVA&nbsp;<\/td><td>02\/2026<\/td><\/tr><tr><td>20241002549<\/td><td>&nbsp;JEFERSON CARLOS XAVIER SANTOS&nbsp;&nbsp;&nbsp;&nbsp;&nbsp;&nbsp;&nbsp;&nbsp;&nbsp;&nbsp;&nbsp;&nbsp;&nbsp;&nbsp;&nbsp;<\/td><td>02\/2024<\/td><\/tr><tr><td>20261001253<\/td><td>&nbsp;LEANDRO COSTA BITENCOURT&nbsp;&nbsp;&nbsp;&nbsp;<\/td><td>02\/2026<\/td><\/tr><tr><td>20261001351<\/td><td>&nbsp;LUCIA HELENA FERREIRA DO NASCIMENTO&nbsp;&nbsp;&nbsp;&nbsp;&nbsp;&nbsp;&nbsp;&nbsp;&nbsp;&nbsp;&nbsp;&nbsp;&nbsp;&nbsp;<\/td><td>02\/2026<\/td><\/tr><tr><td>20261001360<\/td><td>&nbsp;LUIZ OTAVIO DOS SANTOS<\/td><td>02\/2026<\/td><\/tr><tr><td>20251001349<\/td><td>&nbsp;MARCONES CARVALHO DE OLIVEIRA&nbsp;&nbsp;&nbsp;&nbsp;&nbsp;&nbsp;&nbsp;&nbsp;&nbsp;&nbsp;&nbsp;&nbsp;&nbsp;&nbsp;&nbsp;<\/td><td>02\/2026<\/td><\/tr><tr><td>20251001358<\/td><td>&nbsp;PEDRO HENRIQUE PRACINO DA SILVA&nbsp;&nbsp;&nbsp;&nbsp;&nbsp;&nbsp;&nbsp;&nbsp;&nbsp;&nbsp;&nbsp;&nbsp;&nbsp;&nbsp;&nbsp;<\/td><td>02\/2026<\/td><\/tr><tr><td>20251001367<\/td><td>&nbsp;VANESSA SANTOS TARDEM<\/td><td>03\/2025<\/td><\/tr><\/tbody><\/table><\/figure>\n","protected":false},"excerpt":{"rendered":"<p>Matr\u00edcula Nome In\u00edcio 20251001302 &nbsp;CRISTIANE ANTONIO&nbsp;&nbsp;&nbsp;&nbsp;&nbsp;&nbsp;&nbsp;&nbsp;&nbsp;&nbsp;&nbsp;&nbsp;&nbsp; 03\/2025 20251001311 &nbsp;ERIC TRILES&nbsp; 03\/2025 20261001271 &nbsp;FLAVIA TAVARES TEIXEIRA PAIVA&nbsp;&nbsp;&nbsp; 02\/2026 20251001320 &nbsp;FLAVIO STEFONY FERREIRA&nbsp;&nbsp;&nbsp;&nbsp;&nbsp;&nbsp;&nbsp;&nbsp;&nbsp;&nbsp;&nbsp;&nbsp;&nbsp; 03\/2025 [&hellip;]<\/p>\n","protected":false},"author":1,"featured_media":0,"parent":0,"menu_order":0,"comment_status":"closed","ping_status":"closed","template":"","meta":{"_acf_changed":false,"footnotes":"","_links_to":"","_links_to_target":""},"class_list":["post-11980","page","type-page","status-publish","hentry"],"yoast_head":"<!-- This site is optimized with the Yoast SEO plugin v28.2 - https:\/\/yoast.com\/product\/yoast-seo-wordpress\/ -->\n<title>Discentes - Programa de Mestrado Profissional em Qu\u00edmica em Rede Nacional (PROFQUI),<\/title>\n<meta name=\"robots\" content=\"index, follow, max-snippet:-1, max-image-preview:large, max-video-preview:-1\" \/>\n<link rel=\"canonical\" href=\"https:\/\/cursos.ufrrj.br\/posgraduacao\/profqui\/alunos-ativos\/\" \/>\n<meta property=\"og:locale\" content=\"pt_BR\" \/>\n<meta property=\"og:type\" content=\"article\" \/>\n<meta property=\"og:title\" content=\"Discentes - Programa de Mestrado Profissional em Qu\u00edmica em Rede Nacional (PROFQUI),\" \/>\n<meta property=\"og:description\" content=\"Matr\u00edcula Nome In\u00edcio 20251001302 &nbsp;CRISTIANE ANTONIO&nbsp;&nbsp;&nbsp;&nbsp;&nbsp;&nbsp;&nbsp;&nbsp;&nbsp;&nbsp;&nbsp;&nbsp;&nbsp; 03\/2025 20251001311 &nbsp;ERIC TRILES&nbsp; 03\/2025 20261001271 &nbsp;FLAVIA TAVARES TEIXEIRA PAIVA&nbsp;&nbsp;&nbsp; 02\/2026 20251001320 &nbsp;FLAVIO STEFONY FERREIRA&nbsp;&nbsp;&nbsp;&nbsp;&nbsp;&nbsp;&nbsp;&nbsp;&nbsp;&nbsp;&nbsp;&nbsp;&nbsp; 03\/2025 [&hellip;]\" \/>\n<meta property=\"og:url\" content=\"https:\/\/cursos.ufrrj.br\/posgraduacao\/profqui\/alunos-ativos\/\" \/>\n<meta property=\"og:site_name\" content=\"Programa de Mestrado Profissional em Qu\u00edmica em Rede Nacional (PROFQUI),\" \/>\n<meta property=\"article:publisher\" content=\"https:\/\/www.facebook.com\/MestradoProfissionalEmGestaoeEstrategia\" \/>\n<meta property=\"article:modified_time\" content=\"2026-08-19T14:19:19+00:00\" \/>\n<meta name=\"twitter:card\" content=\"summary_large_image\" \/>\n<meta name=\"twitter:label1\" content=\"Est. tempo de leitura\" \/>\n\t<meta name=\"twitter:data1\" content=\"1 minuto\" \/>\n<script type=\"application\/ld+json\" class=\"yoast-schema-graph\">{\"@context\":\"https:\\\/\\\/schema.org\",\"@graph\":[{\"@type\":\"WebPage\",\"@id\":\"https:\\\/\\\/cursos.ufrrj.br\\\/posgraduacao\\\/profqui\\\/alunos-ativos\\\/\",\"url\":\"https:\\\/\\\/cursos.ufrrj.br\\\/posgraduacao\\\/profqui\\\/alunos-ativos\\\/\",\"name\":\"Discentes - Programa de Mestrado Profissional em Qu\u00edmica em Rede Nacional (PROFQUI),\",\"isPartOf\":{\"@id\":\"https:\\\/\\\/cursos.ufrrj.br\\\/posgraduacao\\\/profqui\\\/#website\"},\"datePublished\":\"2026-07-15T10:14:08+00:00\",\"dateModified\":\"2026-08-19T14:19:19+00:00\",\"breadcrumb\":{\"@id\":\"https:\\\/\\\/cursos.ufrrj.br\\\/posgraduacao\\\/profqui\\\/alunos-ativos\\\/#breadcrumb\"},\"inLanguage\":\"pt-BR\",\"potentialAction\":[{\"@type\":\"ReadAction\",\"target\":[\"https:\\\/\\\/cursos.ufrrj.br\\\/posgraduacao\\\/profqui\\\/alunos-ativos\\\/\"]}]},{\"@type\":\"BreadcrumbList\",\"@id\":\"https:\\\/\\\/cursos.ufrrj.br\\\/posgraduacao\\\/profqui\\\/alunos-ativos\\\/#breadcrumb\",\"itemListElement\":[{\"@type\":\"ListItem\",\"position\":1,\"name\":\"In\u00edcio\",\"item\":\"https:\\\/\\\/cursos.ufrrj.br\\\/posgraduacao\\\/profqui\\\/\"},{\"@type\":\"ListItem\",\"position\":2,\"name\":\"Discentes\"}]},{\"@type\":\"WebSite\",\"@id\":\"https:\\\/\\\/cursos.ufrrj.br\\\/posgraduacao\\\/profqui\\\/#website\",\"url\":\"https:\\\/\\\/cursos.ufrrj.br\\\/posgraduacao\\\/profqui\\\/\",\"name\":\"Programa de Mestrado Profissional em Qu\u00edmica em Rede Nacional (PROFQUI),\",\"description\":\"Universidade Federal Rural do Rio de Janeiro \u2013 UFRRJ\",\"potentialAction\":[{\"@type\":\"SearchAction\",\"target\":{\"@type\":\"EntryPoint\",\"urlTemplate\":\"https:\\\/\\\/cursos.ufrrj.br\\\/posgraduacao\\\/profqui\\\/?s={search_term_string}\"},\"query-input\":{\"@type\":\"PropertyValueSpecification\",\"valueRequired\":true,\"valueName\":\"search_term_string\"}}],\"inLanguage\":\"pt-BR\"}]}<\/script>\n<!-- \/ Yoast SEO plugin. -->","yoast_head_json":{"title":"Discentes - Programa de Mestrado Profissional em Qu\u00edmica em Rede Nacional (PROFQUI),","robots":{"index":"index","follow":"follow","max-snippet":"max-snippet:-1","max-image-preview":"max-image-preview:large","max-video-preview":"max-video-preview:-1"},"canonical":"https:\/\/cursos.ufrrj.br\/posgraduacao\/profqui\/alunos-ativos\/","og_locale":"pt_BR","og_type":"article","og_title":"Discentes - Programa de Mestrado Profissional em Qu\u00edmica em Rede Nacional (PROFQUI),","og_description":"Matr\u00edcula Nome In\u00edcio 20251001302 &nbsp;CRISTIANE ANTONIO&nbsp;&nbsp;&nbsp;&nbsp;&nbsp;&nbsp;&nbsp;&nbsp;&nbsp;&nbsp;&nbsp;&nbsp;&nbsp; 03\/2025 20251001311 &nbsp;ERIC TRILES&nbsp; 03\/2025 20261001271 &nbsp;FLAVIA TAVARES TEIXEIRA PAIVA&nbsp;&nbsp;&nbsp; 02\/2026 20251001320 &nbsp;FLAVIO STEFONY FERREIRA&nbsp;&nbsp;&nbsp;&nbsp;&nbsp;&nbsp;&nbsp;&nbsp;&nbsp;&nbsp;&nbsp;&nbsp;&nbsp; 03\/2025 [&hellip;]","og_url":"https:\/\/cursos.ufrrj.br\/posgraduacao\/profqui\/alunos-ativos\/","og_site_name":"Programa de Mestrado Profissional em Qu\u00edmica em Rede Nacional (PROFQUI),","article_publisher":"https:\/\/www.facebook.com\/MestradoProfissionalEmGestaoeEstrategia","article_modified_time":"2026-08-19T14:19:19+00:00","twitter_card":"summary_large_image","twitter_misc":{"Est. tempo de leitura":"1 minuto"},"schema":{"@context":"https:\/\/schema.org","@graph":[{"@type":"WebPage","@id":"https:\/\/cursos.ufrrj.br\/posgraduacao\/profqui\/alunos-ativos\/","url":"https:\/\/cursos.ufrrj.br\/posgraduacao\/profqui\/alunos-ativos\/","name":"Discentes - Programa de Mestrado Profissional em Qu\u00edmica em Rede Nacional (PROFQUI),","isPartOf":{"@id":"https:\/\/cursos.ufrrj.br\/posgraduacao\/profqui\/#website"},"datePublished":"2026-07-15T10:14:08+00:00","dateModified":"2026-08-19T14:19:19+00:00","breadcrumb":{"@id":"https:\/\/cursos.ufrrj.br\/posgraduacao\/profqui\/alunos-ativos\/#breadcrumb"},"inLanguage":"pt-BR","potentialAction":[{"@type":"ReadAction","target":["https:\/\/cursos.ufrrj.br\/posgraduacao\/profqui\/alunos-ativos\/"]}]},{"@type":"BreadcrumbList","@id":"https:\/\/cursos.ufrrj.br\/posgraduacao\/profqui\/alunos-ativos\/#breadcrumb","itemListElement":[{"@type":"ListItem","position":1,"name":"In\u00edcio","item":"https:\/\/cursos.ufrrj.br\/posgraduacao\/profqui\/"},{"@type":"ListItem","position":2,"name":"Discentes"}]},{"@type":"WebSite","@id":"https:\/\/cursos.ufrrj.br\/posgraduacao\/profqui\/#website","url":"https:\/\/cursos.ufrrj.br\/posgraduacao\/profqui\/","name":"Programa de Mestrado Profissional em Qu\u00edmica em Rede Nacional (PROFQUI),","description":"Universidade Federal Rural do Rio de Janeiro \u2013 UFRRJ","potentialAction":[{"@type":"SearchAction","target":{"@type":"EntryPoint","urlTemplate":"https:\/\/cursos.ufrrj.br\/posgraduacao\/profqui\/?s={search_term_string}"},"query-input":{"@type":"PropertyValueSpecification","valueRequired":true,"valueName":"search_term_string"}}],"inLanguage":"pt-BR"}]}},"acf":[],"_links":{"self":[{"href":"https:\/\/cursos.ufrrj.br\/posgraduacao\/profqui\/wp-json\/wp\/v2\/pages\/11980","targetHints":{"allow":["GET"]}}],"collection":[{"href":"https:\/\/cursos.ufrrj.br\/posgraduacao\/profqui\/wp-json\/wp\/v2\/pages"}],"about":[{"href":"https:\/\/cursos.ufrrj.br\/posgraduacao\/profqui\/wp-json\/wp\/v2\/types\/page"}],"author":[{"embeddable":true,"href":"https:\/\/cursos.ufrrj.br\/posgraduacao\/profqui\/wp-json\/wp\/v2\/users\/1"}],"replies":[{"embeddable":true,"href":"https:\/\/cursos.ufrrj.br\/posgraduacao\/profqui\/wp-json\/wp\/v2\/comments?post=11980"}],"version-history":[{"count":11,"href":"https:\/\/cursos.ufrrj.br\/posgraduacao\/profqui\/wp-json\/wp\/v2\/pages\/11980\/revisions"}],"predecessor-version":[{"id":12320,"href":"https:\/\/cursos.ufrrj.br\/posgraduacao\/profqui\/wp-json\/wp\/v2\/pages\/11980\/revisions\/12320"}],"wp:attachment":[{"href":"https:\/\/cursos.ufrrj.br\/posgraduacao\/profqui\/wp-json\/wp\/v2\/media?parent=11980"}],"curies":[{"name":"wp","href":"https:\/\/api.w.org\/{rel}","templated":true}]}}

<figure id="25" class="wp-block-table tabela-profqui is-style-stripes has-small-font-size"><table class="has-background has-fixed-layout" style="background-color:#8dd2fc96"><tbody><tr><td>Matrícula</td><td>Nome</td><td>Início</td></tr><tr><td>20251001302</td><td>&nbsp;CRISTIANE ANTONIO&nbsp;&nbsp;&nbsp;&nbsp;&nbsp;&nbsp;&nbsp;&nbsp;&nbsp;&nbsp;&nbsp;&nbsp;&nbsp;</td><td>03/2025</td></tr><tr><td>20251001311</td><td>&nbsp;ERIC TRILES&nbsp;</td><td>03/2025</td></tr><tr><td>20261001271</td><td>&nbsp;FLAVIA TAVARES TEIXEIRA PAIVA&nbsp;&nbsp;&nbsp;</td><td>02/2026</td></tr><tr><td>20251001320</td><td>&nbsp;FLAVIO STEFONY FERREIRA&nbsp;&nbsp;&nbsp;&nbsp;&nbsp;&nbsp;&nbsp;&nbsp;&nbsp;&nbsp;&nbsp;&nbsp;&nbsp;</td><td>03/2025</td></tr><tr><td>20251001376</td><td>&nbsp;GEORGE WALLACE MARQUES RANGEL&nbsp;&nbsp;&nbsp;&nbsp;&nbsp;&nbsp;&nbsp;&nbsp;&nbsp;&nbsp;&nbsp;&nbsp;&nbsp;&nbsp;&nbsp;</td><td>03/2025</td></tr><tr><td>20261001226</td><td>&nbsp;GUSTAVO DA SILVA&nbsp;</td><td>02/2026</td></tr><tr><td>20241002549</td><td>&nbsp;JEFERSON CARLOS XAVIER SANTOS&nbsp;&nbsp;&nbsp;&nbsp;&nbsp;&nbsp;&nbsp;&nbsp;&nbsp;&nbsp;&nbsp;&nbsp;&nbsp;&nbsp;&nbsp;</td><td>02/2024</td></tr><tr><td>20261001253</td><td>&nbsp;LEANDRO COSTA BITENCOURT&nbsp;&nbsp;&nbsp;&nbsp;</td><td>02/2026</td></tr><tr><td>20261001351</td><td>&nbsp;LUCIA HELENA FERREIRA DO NASCIMENTO&nbsp;&nbsp;&nbsp;&nbsp;&nbsp;&nbsp;&nbsp;&nbsp;&nbsp;&nbsp;&nbsp;&nbsp;&nbsp;&nbsp;</td><td>02/2026</td></tr><tr><td>20261001360</td><td>&nbsp;LUIZ OTAVIO DOS SANTOS</td><td>02/2026</td></tr><tr><td>20251001349</td><td>&nbsp;MARCONES CARVALHO DE OLIVEIRA&nbsp;&nbsp;&nbsp;&nbsp;&nbsp;&nbsp;&nbsp;&nbsp;&nbsp;&nbsp;&nbsp;&nbsp;&nbsp;&nbsp;&nbsp;</td><td>02/2026</td></tr><tr><td>20251001358</td><td>&nbsp;PEDRO HENRIQUE PRACINO DA SILVA&nbsp;&nbsp;&nbsp;&nbsp;&nbsp;&nbsp;&nbsp;&nbsp;&nbsp;&nbsp;&nbsp;&nbsp;&nbsp;&nbsp;&nbsp;</td><td>02/2026</td></tr><tr><td>20251001367</td><td>&nbsp;VANESSA SANTOS TARDEM</td><td>03/2025</td></tr></tbody></table></figure>

<p>Matrícula Nome Início 20251001302 &nbsp;CRISTIANE ANTONIO&nbsp;&nbsp;&nbsp;&nbsp;&nbsp;&nbsp;&nbsp;&nbsp;&nbsp;&nbsp;&nbsp;&nbsp;&nbsp; 03/2025 20251001311 &nbsp;ERIC TRILES&nbsp; 03/2025 20261001271 &nbsp;FLAVIA TAVARES TEIXEIRA PAIVA&nbsp;&nbsp;&nbsp; 02/2026 20251001320 &nbsp;FLAVIO STEFONY FERREIRA&nbsp;&nbsp;&nbsp;&nbsp;&nbsp;&nbsp;&nbsp;&nbsp;&nbsp;&nbsp;&nbsp;&nbsp;&nbsp; 03/2025 [&hellip;]</p>

<!-- This site is optimized with the Yoast SEO plugin v28.2 - https://yoast.com/product/yoast-seo-wordpress/ -->
<title>Discentes - Programa de Mestrado Profissional em Química em Rede Nacional (PROFQUI),</title>
<meta name="robots" content="index, follow, max-snippet:-1, max-image-preview:large, max-video-preview:-1" />
<link rel="canonical" href="https://cursos.ufrrj.br/posgraduacao/profqui/alunos-ativos/" />
<meta property="og:locale" content="pt_BR" />
<meta property="og:type" content="article" />
<meta property="og:title" content="Discentes - Programa de Mestrado Profissional em Química em Rede Nacional (PROFQUI)," />
<meta property="og:description" content="Matrícula Nome Início 20251001302 &nbsp;CRISTIANE ANTONIO&nbsp;&nbsp;&nbsp;&nbsp;&nbsp;&nbsp;&nbsp;&nbsp;&nbsp;&nbsp;&nbsp;&nbsp;&nbsp; 03/2025 20251001311 &nbsp;ERIC TRILES&nbsp; 03/2025 20261001271 &nbsp;FLAVIA TAVARES TEIXEIRA PAIVA&nbsp;&nbsp;&nbsp; 02/2026 20251001320 &nbsp;FLAVIO STEFONY FERREIRA&nbsp;&nbsp;&nbsp;&nbsp;&nbsp;&nbsp;&nbsp;&nbsp;&nbsp;&nbsp;&nbsp;&nbsp;&nbsp; 03/2025 [&hellip;]" />
<meta property="og:url" content="https://cursos.ufrrj.br/posgraduacao/profqui/alunos-ativos/" />
<meta property="og:site_name" content="Programa de Mestrado Profissional em Química em Rede Nacional (PROFQUI)," />
<meta property="article:publisher" content="https://www.facebook.com/MestradoProfissionalEmGestaoeEstrategia" />
<meta property="article:modified_time" content="2026-08-19T14:19:19+00:00" />
<meta name="twitter:card" content="summary_large_image" />
<meta name="twitter:label1" content="Est. tempo de leitura" />
	<meta name="twitter:data1" content="1 minuto" />
<script type="application/ld+json" class="yoast-schema-graph">{"@context":"https:\/\/schema.org","@graph":[{"@type":"WebPage","@id":"https:\/\/cursos.ufrrj.br\/posgraduacao\/profqui\/alunos-ativos\/","url":"https:\/\/cursos.ufrrj.br\/posgraduacao\/profqui\/alunos-ativos\/","name":"Discentes - Programa de Mestrado Profissional em Química em Rede Nacional (PROFQUI),","isPartOf":{"@id":"https:\/\/cursos.ufrrj.br\/posgraduacao\/profqui\/#website"},"datePublished":"2026-07-15T10:14:08+00:00","dateModified":"2026-08-19T14:19:19+00:00","breadcrumb":{"@id":"https:\/\/cursos.ufrrj.br\/posgraduacao\/profqui\/alunos-ativos\/#breadcrumb"},"inLanguage":"pt-BR","potentialAction":[{"@type":"ReadAction","target":["https:\/\/cursos.ufrrj.br\/posgraduacao\/profqui\/alunos-ativos\/"]}]},{"@type":"BreadcrumbList","@id":"https:\/\/cursos.ufrrj.br\/posgraduacao\/profqui\/alunos-ativos\/#breadcrumb","itemListElement":[{"@type":"ListItem","position":1,"name":"Início","item":"https:\/\/cursos.ufrrj.br\/posgraduacao\/profqui\/"},{"@type":"ListItem","position":2,"name":"Discentes"}]},{"@type":"WebSite","@id":"https:\/\/cursos.ufrrj.br\/posgraduacao\/profqui\/#website","url":"https:\/\/cursos.ufrrj.br\/posgraduacao\/profqui\/","name":"Programa de Mestrado Profissional em Química em Rede Nacional (PROFQUI),","description":"Universidade Federal Rural do Rio de Janeiro – UFRRJ","potentialAction":[{"@type":"SearchAction","target":{"@type":"EntryPoint","urlTemplate":"https:\/\/cursos.ufrrj.br\/posgraduacao\/profqui\/?s={search_term_string}"},"query-input":{"@type":"PropertyValueSpecification","valueRequired":true,"valueName":"search_term_string"}}],"inLanguage":"pt-BR"}]}</script>
<!-- / Yoast SEO plugin. -->

Discentes - Programa de Mestrado Profissional em Química em Rede Nacional (PROFQUI),

Matrícula Nome Início 20251001302 &nbsp;CRISTIANE ANTONIO&nbsp;&nbsp;&nbsp;&nbsp;&nbsp;&nbsp;&nbsp;&nbsp;&nbsp;&nbsp;&nbsp;&nbsp;&nbsp; 03/2025 20251001311 &nbsp;ERIC TRILES&nbsp; 03/2025 20261001271 &nbsp;FLAVIA TAVARES TEIXEIRA PAIVA&nbsp;&nbsp;&nbsp; 02/2026 20251001320 &nbsp;FLAVIO STEFONY FERREIRA&nbsp;&nbsp;&nbsp;&nbsp;&nbsp;&nbsp;&nbsp;&nbsp;&nbsp;&nbsp;&nbsp;&nbsp;&nbsp; 03/2025 [&hellip;]

Programa de Mestrado Profissional em Química em Rede Nacional (PROFQUI),

Início
