{"id":12052,"date":"2026-09-02T12:42:21","date_gmt":"2026-09-02T15:42:21","guid":{"rendered":"https:\/\/cursos.ufrrj.br\/posgraduacao\/ppge\/?page_id=12052"},"modified":"2026-09-02T12:42:21","modified_gmt":"2026-09-02T15:42:21","slug":"politica-de-comunicacao-ppge-ufrrj-2025-2028","status":"publish","type":"page","link":"https:\/\/cursos.ufrrj.br\/posgraduacao\/ppge\/politica-de-comunicacao-ppge-ufrrj-2025-2028\/","title":{"rendered":"Pol\u00edtica de Comunica\u00e7\u00e3o PPGE\/UFRRJ- 2025-2028"},"content":{"rendered":"\n<p class=\"wp-block-paragraph\">A <strong>Pol\u00edtica de Comunica\u00e7\u00e3o do Programa de P\u00f3s-Gradua\u00e7\u00e3o em Gest\u00e3o e Estrat\u00e9gia (PPGE\/UFRRJ)<\/strong> estabelece as diretrizes para a comunica\u00e7\u00e3o institucional do Programa no per\u00edodo de <strong>2025 a 2028<\/strong>, alinhando suas a\u00e7\u00f5es ao planejamento estrat\u00e9gico, \u00e0 autoavalia\u00e7\u00e3o e aos compromissos acad\u00eamicos e sociais do PPGE.<\/p>\n\n\n\n<p class=\"wp-block-paragraph\">A Pol\u00edtica tamb\u00e9m define diretrizes para a <strong>produ\u00e7\u00e3o, tradu\u00e7\u00e3o e difus\u00e3o do conhecimento cient\u00edfico e t\u00e9cnico-tecnol\u00f3gico<\/strong>, contribuindo para a divulga\u00e7\u00e3o das pesquisas, resultados, projetos, parcerias e impactos do PPGE junto \u00e0 comunidade acad\u00eamica e \u00e0 sociedade.<\/p>\n\n\n\n<p class=\"wp-block-paragraph\">Conhe\u00e7a a Pol\u00edtica de Comunica\u00e7\u00e3o do PPGE\/UFRRJ e saiba mais sobre as diretrizes que orientam a comunica\u00e7\u00e3o do Programa.<\/p>\n\n\n\n<div class=\"wp-block-buttons is-content-justification-center is-layout-flex wp-container-core-buttons-is-layout-fe48e5de wp-block-buttons-is-layout-flex\">\n<div class=\"wp-block-button is-style-fill\"><a class=\"wp-block-button__link has-white-color has-midnight-gradient-background has-text-color has-background has-link-color wp-element-button\" href=\"https:\/\/cursos.ufrrj.br\/posgraduacao\/ppge\/files\/2026\/09\/Politica_Comun_PPGE_V.-FINAL.pdf\">Clique aqui para conferir! <\/a><\/div>\n<\/div>\n\n\n\n<p class=\"wp-block-paragraph\"><\/p>\n","protected":false},"excerpt":{"rendered":"<p>A Pol\u00edtica de Comunica\u00e7\u00e3o do Programa de P\u00f3s-Gradua\u00e7\u00e3o em Gest\u00e3o e Estrat\u00e9gia (PPGE\/UFRRJ) estabelece as diretrizes para a comunica\u00e7\u00e3o institucional do Programa [&hellip;]<\/p>\n","protected":false},"author":121,"featured_media":0,"parent":0,"menu_order":0,"comment_status":"closed","ping_status":"closed","template":"","meta":{"_acf_changed":false,"footnotes":"","_links_to":"","_links_to_target":""},"class_list":["post-12052","page","type-page","status-publish","hentry"],"yoast_head":"<!-- This site is optimized with the Yoast SEO plugin v28.2 - https:\/\/yoast.com\/product\/yoast-seo-wordpress\/ -->\n<title>Pol\u00edtica de Comunica\u00e7\u00e3o PPGE\/UFRRJ- 2025-2028 - Programa de P\u00f3s-gradua\u00e7\u00e3o em Gest\u00e3o e Estrat\u00e9gia<\/title>\n<meta name=\"robots\" content=\"index, follow, max-snippet:-1, max-image-preview:large, max-video-preview:-1\" \/>\n<link rel=\"canonical\" href=\"https:\/\/cursos.ufrrj.br\/posgraduacao\/ppge\/politica-de-comunicacao-ppge-ufrrj-2025-2028\/\" \/>\n<meta property=\"og:locale\" content=\"pt_BR\" \/>\n<meta property=\"og:type\" content=\"article\" \/>\n<meta property=\"og:title\" content=\"Pol\u00edtica de Comunica\u00e7\u00e3o PPGE\/UFRRJ- 2025-2028 - Programa de P\u00f3s-gradua\u00e7\u00e3o em Gest\u00e3o e Estrat\u00e9gia\" \/>\n<meta property=\"og:description\" content=\"A Pol\u00edtica de Comunica\u00e7\u00e3o do Programa de P\u00f3s-Gradua\u00e7\u00e3o em Gest\u00e3o e Estrat\u00e9gia (PPGE\/UFRRJ) estabelece as diretrizes para a comunica\u00e7\u00e3o institucional do Programa [&hellip;]\" \/>\n<meta property=\"og:url\" content=\"https:\/\/cursos.ufrrj.br\/posgraduacao\/ppge\/politica-de-comunicacao-ppge-ufrrj-2025-2028\/\" \/>\n<meta property=\"og:site_name\" content=\"Programa de P\u00f3s-gradua\u00e7\u00e3o em Gest\u00e3o e Estrat\u00e9gia\" \/>\n<meta property=\"article:publisher\" content=\"https:\/\/www.facebook.com\/MestradoProfissionalEmGestaoeEstrategia\" \/>\n<meta name=\"twitter:card\" content=\"summary_large_image\" \/>\n<meta name=\"twitter:label1\" content=\"Est. tempo de leitura\" \/>\n\t<meta name=\"twitter:data1\" content=\"1 minuto\" \/>\n<script type=\"application\/ld+json\" class=\"yoast-schema-graph\">{\"@context\":\"https:\\\/\\\/schema.org\",\"@graph\":[{\"@type\":\"WebPage\",\"@id\":\"https:\\\/\\\/cursos.ufrrj.br\\\/posgraduacao\\\/ppge\\\/politica-de-comunicacao-ppge-ufrrj-2025-2028\\\/\",\"url\":\"https:\\\/\\\/cursos.ufrrj.br\\\/posgraduacao\\\/ppge\\\/politica-de-comunicacao-ppge-ufrrj-2025-2028\\\/\",\"name\":\"Pol\u00edtica de Comunica\u00e7\u00e3o PPGE\\\/UFRRJ- 2025-2028 - Programa de P\u00f3s-gradua\u00e7\u00e3o em Gest\u00e3o e Estrat\u00e9gia\",\"isPartOf\":{\"@id\":\"https:\\\/\\\/cursos.ufrrj.br\\\/posgraduacao\\\/ppge\\\/#website\"},\"datePublished\":\"2026-09-02T15:42:21+00:00\",\"breadcrumb\":{\"@id\":\"https:\\\/\\\/cursos.ufrrj.br\\\/posgraduacao\\\/ppge\\\/politica-de-comunicacao-ppge-ufrrj-2025-2028\\\/#breadcrumb\"},\"inLanguage\":\"pt-BR\",\"potentialAction\":[{\"@type\":\"ReadAction\",\"target\":[\"https:\\\/\\\/cursos.ufrrj.br\\\/posgraduacao\\\/ppge\\\/politica-de-comunicacao-ppge-ufrrj-2025-2028\\\/\"]}]},{\"@type\":\"BreadcrumbList\",\"@id\":\"https:\\\/\\\/cursos.ufrrj.br\\\/posgraduacao\\\/ppge\\\/politica-de-comunicacao-ppge-ufrrj-2025-2028\\\/#breadcrumb\",\"itemListElement\":[{\"@type\":\"ListItem\",\"position\":1,\"name\":\"In\u00edcio\",\"item\":\"https:\\\/\\\/cursos.ufrrj.br\\\/posgraduacao\\\/ppge\\\/\"},{\"@type\":\"ListItem\",\"position\":2,\"name\":\"Pol\u00edtica de Comunica\u00e7\u00e3o PPGE\\\/UFRRJ- 2025-2028\"}]},{\"@type\":\"WebSite\",\"@id\":\"https:\\\/\\\/cursos.ufrrj.br\\\/posgraduacao\\\/ppge\\\/#website\",\"url\":\"https:\\\/\\\/cursos.ufrrj.br\\\/posgraduacao\\\/ppge\\\/\",\"name\":\"Programa de P\u00f3s-gradua\u00e7\u00e3o em Gest\u00e3o e Estrat\u00e9gia\",\"description\":\"Universidade Federal Rural do Rio de Janeiro \u2013 UFRRJ\",\"potentialAction\":[{\"@type\":\"SearchAction\",\"target\":{\"@type\":\"EntryPoint\",\"urlTemplate\":\"https:\\\/\\\/cursos.ufrrj.br\\\/posgraduacao\\\/ppge\\\/?s={search_term_string}\"},\"query-input\":{\"@type\":\"PropertyValueSpecification\",\"valueRequired\":true,\"valueName\":\"search_term_string\"}}],\"inLanguage\":\"pt-BR\"}]}<\/script>\n<!-- \/ Yoast SEO plugin. -->","yoast_head_json":{"title":"Pol\u00edtica de Comunica\u00e7\u00e3o PPGE\/UFRRJ- 2025-2028 - Programa de P\u00f3s-gradua\u00e7\u00e3o em Gest\u00e3o e Estrat\u00e9gia","robots":{"index":"index","follow":"follow","max-snippet":"max-snippet:-1","max-image-preview":"max-image-preview:large","max-video-preview":"max-video-preview:-1"},"canonical":"https:\/\/cursos.ufrrj.br\/posgraduacao\/ppge\/politica-de-comunicacao-ppge-ufrrj-2025-2028\/","og_locale":"pt_BR","og_type":"article","og_title":"Pol\u00edtica de Comunica\u00e7\u00e3o PPGE\/UFRRJ- 2025-2028 - Programa de P\u00f3s-gradua\u00e7\u00e3o em Gest\u00e3o e Estrat\u00e9gia","og_description":"A Pol\u00edtica de Comunica\u00e7\u00e3o do Programa de P\u00f3s-Gradua\u00e7\u00e3o em Gest\u00e3o e Estrat\u00e9gia (PPGE\/UFRRJ) estabelece as diretrizes para a comunica\u00e7\u00e3o institucional do Programa [&hellip;]","og_url":"https:\/\/cursos.ufrrj.br\/posgraduacao\/ppge\/politica-de-comunicacao-ppge-ufrrj-2025-2028\/","og_site_name":"Programa de P\u00f3s-gradua\u00e7\u00e3o em Gest\u00e3o e Estrat\u00e9gia","article_publisher":"https:\/\/www.facebook.com\/MestradoProfissionalEmGestaoeEstrategia","twitter_card":"summary_large_image","twitter_misc":{"Est. tempo de leitura":"1 minuto"},"schema":{"@context":"https:\/\/schema.org","@graph":[{"@type":"WebPage","@id":"https:\/\/cursos.ufrrj.br\/posgraduacao\/ppge\/politica-de-comunicacao-ppge-ufrrj-2025-2028\/","url":"https:\/\/cursos.ufrrj.br\/posgraduacao\/ppge\/politica-de-comunicacao-ppge-ufrrj-2025-2028\/","name":"Pol\u00edtica de Comunica\u00e7\u00e3o PPGE\/UFRRJ- 2025-2028 - Programa de P\u00f3s-gradua\u00e7\u00e3o em Gest\u00e3o e Estrat\u00e9gia","isPartOf":{"@id":"https:\/\/cursos.ufrrj.br\/posgraduacao\/ppge\/#website"},"datePublished":"2026-09-02T15:42:21+00:00","breadcrumb":{"@id":"https:\/\/cursos.ufrrj.br\/posgraduacao\/ppge\/politica-de-comunicacao-ppge-ufrrj-2025-2028\/#breadcrumb"},"inLanguage":"pt-BR","potentialAction":[{"@type":"ReadAction","target":["https:\/\/cursos.ufrrj.br\/posgraduacao\/ppge\/politica-de-comunicacao-ppge-ufrrj-2025-2028\/"]}]},{"@type":"BreadcrumbList","@id":"https:\/\/cursos.ufrrj.br\/posgraduacao\/ppge\/politica-de-comunicacao-ppge-ufrrj-2025-2028\/#breadcrumb","itemListElement":[{"@type":"ListItem","position":1,"name":"In\u00edcio","item":"https:\/\/cursos.ufrrj.br\/posgraduacao\/ppge\/"},{"@type":"ListItem","position":2,"name":"Pol\u00edtica de Comunica\u00e7\u00e3o PPGE\/UFRRJ- 2025-2028"}]},{"@type":"WebSite","@id":"https:\/\/cursos.ufrrj.br\/posgraduacao\/ppge\/#website","url":"https:\/\/cursos.ufrrj.br\/posgraduacao\/ppge\/","name":"Programa de P\u00f3s-gradua\u00e7\u00e3o em Gest\u00e3o e Estrat\u00e9gia","description":"Universidade Federal Rural do Rio de Janeiro \u2013 UFRRJ","potentialAction":[{"@type":"SearchAction","target":{"@type":"EntryPoint","urlTemplate":"https:\/\/cursos.ufrrj.br\/posgraduacao\/ppge\/?s={search_term_string}"},"query-input":{"@type":"PropertyValueSpecification","valueRequired":true,"valueName":"search_term_string"}}],"inLanguage":"pt-BR"}]}},"acf":[],"_links":{"self":[{"href":"https:\/\/cursos.ufrrj.br\/posgraduacao\/ppge\/wp-json\/wp\/v2\/pages\/12052","targetHints":{"allow":["GET"]}}],"collection":[{"href":"https:\/\/cursos.ufrrj.br\/posgraduacao\/ppge\/wp-json\/wp\/v2\/pages"}],"about":[{"href":"https:\/\/cursos.ufrrj.br\/posgraduacao\/ppge\/wp-json\/wp\/v2\/types\/page"}],"author":[{"embeddable":true,"href":"https:\/\/cursos.ufrrj.br\/posgraduacao\/ppge\/wp-json\/wp\/v2\/users\/121"}],"replies":[{"embeddable":true,"href":"https:\/\/cursos.ufrrj.br\/posgraduacao\/ppge\/wp-json\/wp\/v2\/comments?post=12052"}],"version-history":[{"count":1,"href":"https:\/\/cursos.ufrrj.br\/posgraduacao\/ppge\/wp-json\/wp\/v2\/pages\/12052\/revisions"}],"predecessor-version":[{"id":12053,"href":"https:\/\/cursos.ufrrj.br\/posgraduacao\/ppge\/wp-json\/wp\/v2\/pages\/12052\/revisions\/12053"}],"wp:attachment":[{"href":"https:\/\/cursos.ufrrj.br\/posgraduacao\/ppge\/wp-json\/wp\/v2\/media?parent=12052"}],"curies":[{"name":"wp","href":"https:\/\/api.w.org\/{rel}","templated":true}]}}

Política de Comunicação PPGE/UFRRJ- 2025-2028

<p class="wp-block-paragraph">A <strong>Política de Comunicação do Programa de Pós-Graduação em Gestão e Estratégia (PPGE/UFRRJ)</strong> estabelece as diretrizes para a comunicação institucional do Programa no período de <strong>2025 a 2028</strong>, alinhando suas ações ao planejamento estratégico, à autoavaliação e aos compromissos acadêmicos e sociais do PPGE.</p>



<p class="wp-block-paragraph">A Política também define diretrizes para a <strong>produção, tradução e difusão do conhecimento científico e técnico-tecnológico</strong>, contribuindo para a divulgação das pesquisas, resultados, projetos, parcerias e impactos do PPGE junto à comunidade acadêmica e à sociedade.</p>



<p class="wp-block-paragraph">Conheça a Política de Comunicação do PPGE/UFRRJ e saiba mais sobre as diretrizes que orientam a comunicação do Programa.</p>



<div class="wp-block-buttons is-content-justification-center is-layout-flex wp-container-core-buttons-is-layout-fe48e5de wp-block-buttons-is-layout-flex">
<div class="wp-block-button is-style-fill"><a class="wp-block-button__link has-white-color has-midnight-gradient-background has-text-color has-background has-link-color wp-element-button" href="https://cursos.ufrrj.br/posgraduacao/ppge/files/2026/09/Politica_Comun_PPGE_V.-FINAL.pdf">Clique aqui para conferir! </a></div>
</div>



<p class="wp-block-paragraph"></p>

<p>A Política de Comunicação do Programa de Pós-Graduação em Gestão e Estratégia (PPGE/UFRRJ) estabelece as diretrizes para a comunicação institucional do Programa [&hellip;]</p>

<!-- This site is optimized with the Yoast SEO plugin v28.2 - https://yoast.com/product/yoast-seo-wordpress/ -->
<title>Política de Comunicação PPGE/UFRRJ- 2025-2028 - Programa de Pós-graduação em Gestão e Estratégia</title>
<meta name="robots" content="index, follow, max-snippet:-1, max-image-preview:large, max-video-preview:-1" />
<link rel="canonical" href="https://cursos.ufrrj.br/posgraduacao/ppge/politica-de-comunicacao-ppge-ufrrj-2025-2028/" />
<meta property="og:locale" content="pt_BR" />
<meta property="og:type" content="article" />
<meta property="og:title" content="Política de Comunicação PPGE/UFRRJ- 2025-2028 - Programa de Pós-graduação em Gestão e Estratégia" />
<meta property="og:description" content="A Política de Comunicação do Programa de Pós-Graduação em Gestão e Estratégia (PPGE/UFRRJ) estabelece as diretrizes para a comunicação institucional do Programa [&hellip;]" />
<meta property="og:url" content="https://cursos.ufrrj.br/posgraduacao/ppge/politica-de-comunicacao-ppge-ufrrj-2025-2028/" />
<meta property="og:site_name" content="Programa de Pós-graduação em Gestão e Estratégia" />
<meta property="article:publisher" content="https://www.facebook.com/MestradoProfissionalEmGestaoeEstrategia" />
<meta name="twitter:card" content="summary_large_image" />
<meta name="twitter:label1" content="Est. tempo de leitura" />
	<meta name="twitter:data1" content="1 minuto" />
<script type="application/ld+json" class="yoast-schema-graph">{"@context":"https:\/\/schema.org","@graph":[{"@type":"WebPage","@id":"https:\/\/cursos.ufrrj.br\/posgraduacao\/ppge\/politica-de-comunicacao-ppge-ufrrj-2025-2028\/","url":"https:\/\/cursos.ufrrj.br\/posgraduacao\/ppge\/politica-de-comunicacao-ppge-ufrrj-2025-2028\/","name":"Política de Comunicação PPGE\/UFRRJ- 2025-2028 - Programa de Pós-graduação em Gestão e Estratégia","isPartOf":{"@id":"https:\/\/cursos.ufrrj.br\/posgraduacao\/ppge\/#website"},"datePublished":"2026-09-02T15:42:21+00:00","breadcrumb":{"@id":"https:\/\/cursos.ufrrj.br\/posgraduacao\/ppge\/politica-de-comunicacao-ppge-ufrrj-2025-2028\/#breadcrumb"},"inLanguage":"pt-BR","potentialAction":[{"@type":"ReadAction","target":["https:\/\/cursos.ufrrj.br\/posgraduacao\/ppge\/politica-de-comunicacao-ppge-ufrrj-2025-2028\/"]}]},{"@type":"BreadcrumbList","@id":"https:\/\/cursos.ufrrj.br\/posgraduacao\/ppge\/politica-de-comunicacao-ppge-ufrrj-2025-2028\/#breadcrumb","itemListElement":[{"@type":"ListItem","position":1,"name":"Início","item":"https:\/\/cursos.ufrrj.br\/posgraduacao\/ppge\/"},{"@type":"ListItem","position":2,"name":"Política de Comunicação PPGE\/UFRRJ- 2025-2028"}]},{"@type":"WebSite","@id":"https:\/\/cursos.ufrrj.br\/posgraduacao\/ppge\/#website","url":"https:\/\/cursos.ufrrj.br\/posgraduacao\/ppge\/","name":"Programa de Pós-graduação em Gestão e Estratégia","description":"Universidade Federal Rural do Rio de Janeiro – UFRRJ","potentialAction":[{"@type":"SearchAction","target":{"@type":"EntryPoint","urlTemplate":"https:\/\/cursos.ufrrj.br\/posgraduacao\/ppge\/?s={search_term_string}"},"query-input":{"@type":"PropertyValueSpecification","valueRequired":true,"valueName":"search_term_string"}}],"inLanguage":"pt-BR"}]}</script>
<!-- / Yoast SEO plugin. -->

Política de Comunicação PPGE/UFRRJ- 2025-2028 - Programa de Pós-graduação em Gestão e Estratégia

A Política de Comunicação do Programa de Pós-Graduação em Gestão e Estratégia (PPGE/UFRRJ) estabelece as diretrizes para a comunicação institucional do Programa [&hellip;]

Programa de Pós-graduação em Gestão e Estratégia

Início
