{"id":1605,"date":"2023-09-18T20:58:17","date_gmt":"2023-09-18T20:58:17","guid":{"rendered":"https:\/\/cursos.ufrrj.br\/grad\/fisica\/?page_id=1605"},"modified":"2026-08-25T12:09:17","modified_gmt":"2026-08-25T12:09:17","slug":"calendario-de-reunioes","status":"publish","type":"page","link":"https:\/\/cursos.ufrrj.br\/grad\/fisica\/calendario-de-reunioes\/","title":{"rendered":"Calend\u00e1rio de Reuni\u00f5es"},"content":{"rendered":"\n<p class=\"wp-block-paragraph\">Cronograma para as reuni\u00f5es ordin\u00e1rias do Departamento de F\u00edsica no ano de 2026:<\/p>\n\n\n\n<ul class=\"wp-block-list\">\n<li>13\/01 (ter\u00e7a-feira) \u00e0s 10h,<\/li>\n\n\n\n<li>11\/02 (quarta-feira) \u00e0s 10h,<\/li>\n\n\n\n<li>05\/03 (quinta-feira) \u00e0s 13h,<\/li>\n\n\n\n<li>08\/04 (quarta-feira) \u00e0s 15h,<\/li>\n\n\n\n<li>05\/05 (ter\u00e7a-feira) \u00e0s 15h,<\/li>\n\n\n\n<li>08\/06 (segunda-feira) \u00e0s 13h,<\/li>\n\n\n\n<li>03\/07 (sexta-feira) \u00e0s 13h,<\/li>\n\n\n\n<li>13\/08 (quinta-feira) \u00e0s 15h,<\/li>\n\n\n\n<li>09\/09 (quarta-feira) \u00e0s 13h,<\/li>\n\n\n\n<li>06\/10 (ter\u00e7a-feira) \u00e0s 13h,<\/li>\n\n\n\n<li>09\/11 (segunda-feira) \u00e0s 15h e<\/li>\n\n\n\n<li>04\/12 (sexta-feira) \u00e0s 15h.<\/li>\n<\/ul>\n","protected":false},"excerpt":{"rendered":"<p>Cronograma para as reuni\u00f5es ordin\u00e1rias do Departamento de F\u00edsica no ano de 2026:<\/p>\n","protected":false},"author":127,"featured_media":0,"parent":0,"menu_order":0,"comment_status":"closed","ping_status":"closed","template":"","meta":{"_acf_changed":false,"ngg_post_thumbnail":0,"footnotes":"","_links_to":"","_links_to_target":""},"class_list":["post-1605","page","type-page","status-publish","hentry"],"yoast_head":"<!-- This site is optimized with the Yoast SEO plugin v28.3 - https:\/\/yoast.com\/product\/yoast-seo-wordpress\/ -->\n<title>Calend\u00e1rio de Reuni\u00f5es - Curso de F\u00edsica<\/title>\n<meta name=\"robots\" content=\"index, follow, max-snippet:-1, max-image-preview:large, max-video-preview:-1\" \/>\n<link rel=\"canonical\" href=\"https:\/\/cursos.ufrrj.br\/grad\/fisica\/calendario-de-reunioes\/\" \/>\n<meta property=\"og:locale\" content=\"pt_BR\" \/>\n<meta property=\"og:type\" content=\"article\" \/>\n<meta property=\"og:title\" content=\"Calend\u00e1rio de Reuni\u00f5es - Curso de F\u00edsica\" \/>\n<meta property=\"og:description\" content=\"Cronograma para as reuni\u00f5es ordin\u00e1rias do Departamento de F\u00edsica no ano de 2026:\" \/>\n<meta property=\"og:url\" content=\"https:\/\/cursos.ufrrj.br\/grad\/fisica\/calendario-de-reunioes\/\" \/>\n<meta property=\"og:site_name\" content=\"Curso de F\u00edsica\" \/>\n<meta property=\"article:modified_time\" content=\"2026-08-25T12:09:17+00:00\" \/>\n<meta name=\"twitter:card\" content=\"summary_large_image\" \/>\n<meta name=\"twitter:label1\" content=\"Est. tempo de leitura\" \/>\n\t<meta name=\"twitter:data1\" content=\"1 minuto\" \/>\n<script type=\"application\/ld+json\" class=\"yoast-schema-graph\">{\"@context\":\"https:\\\/\\\/schema.org\",\"@graph\":[{\"@type\":\"WebPage\",\"@id\":\"https:\\\/\\\/cursos.ufrrj.br\\\/grad\\\/fisica\\\/calendario-de-reunioes\\\/\",\"url\":\"https:\\\/\\\/cursos.ufrrj.br\\\/grad\\\/fisica\\\/calendario-de-reunioes\\\/\",\"name\":\"Calend\u00e1rio de Reuni\u00f5es - Curso de F\u00edsica\",\"isPartOf\":{\"@id\":\"https:\\\/\\\/cursos.ufrrj.br\\\/grad\\\/fisica\\\/#website\"},\"datePublished\":\"2023-09-18T20:58:17+00:00\",\"dateModified\":\"2026-08-25T12:09:17+00:00\",\"breadcrumb\":{\"@id\":\"https:\\\/\\\/cursos.ufrrj.br\\\/grad\\\/fisica\\\/calendario-de-reunioes\\\/#breadcrumb\"},\"inLanguage\":\"pt-BR\",\"potentialAction\":[{\"@type\":\"ReadAction\",\"target\":[\"https:\\\/\\\/cursos.ufrrj.br\\\/grad\\\/fisica\\\/calendario-de-reunioes\\\/\"]}]},{\"@type\":\"BreadcrumbList\",\"@id\":\"https:\\\/\\\/cursos.ufrrj.br\\\/grad\\\/fisica\\\/calendario-de-reunioes\\\/#breadcrumb\",\"itemListElement\":[{\"@type\":\"ListItem\",\"position\":1,\"name\":\"In\u00edcio\",\"item\":\"https:\\\/\\\/cursos.ufrrj.br\\\/grad\\\/fisica\\\/\"},{\"@type\":\"ListItem\",\"position\":2,\"name\":\"Calend\u00e1rio de Reuni\u00f5es\"}]},{\"@type\":\"WebSite\",\"@id\":\"https:\\\/\\\/cursos.ufrrj.br\\\/grad\\\/fisica\\\/#website\",\"url\":\"https:\\\/\\\/cursos.ufrrj.br\\\/grad\\\/fisica\\\/\",\"name\":\"Curso de F\u00edsica\",\"description\":\"Universidade Federal Rural do Rio de Janeiro \u2013 UFRRJ\",\"potentialAction\":[{\"@type\":\"SearchAction\",\"target\":{\"@type\":\"EntryPoint\",\"urlTemplate\":\"https:\\\/\\\/cursos.ufrrj.br\\\/grad\\\/fisica\\\/?s={search_term_string}\"},\"query-input\":{\"@type\":\"PropertyValueSpecification\",\"valueRequired\":true,\"valueName\":\"search_term_string\"}}],\"inLanguage\":\"pt-BR\"}]}<\/script>\n<!-- \/ Yoast SEO plugin. -->","yoast_head_json":{"title":"Calend\u00e1rio de Reuni\u00f5es - Curso de F\u00edsica","robots":{"index":"index","follow":"follow","max-snippet":"max-snippet:-1","max-image-preview":"max-image-preview:large","max-video-preview":"max-video-preview:-1"},"canonical":"https:\/\/cursos.ufrrj.br\/grad\/fisica\/calendario-de-reunioes\/","og_locale":"pt_BR","og_type":"article","og_title":"Calend\u00e1rio de Reuni\u00f5es - Curso de F\u00edsica","og_description":"Cronograma para as reuni\u00f5es ordin\u00e1rias do Departamento de F\u00edsica no ano de 2026:","og_url":"https:\/\/cursos.ufrrj.br\/grad\/fisica\/calendario-de-reunioes\/","og_site_name":"Curso de F\u00edsica","article_modified_time":"2026-08-25T12:09:17+00:00","twitter_card":"summary_large_image","twitter_misc":{"Est. tempo de leitura":"1 minuto"},"schema":{"@context":"https:\/\/schema.org","@graph":[{"@type":"WebPage","@id":"https:\/\/cursos.ufrrj.br\/grad\/fisica\/calendario-de-reunioes\/","url":"https:\/\/cursos.ufrrj.br\/grad\/fisica\/calendario-de-reunioes\/","name":"Calend\u00e1rio de Reuni\u00f5es - Curso de F\u00edsica","isPartOf":{"@id":"https:\/\/cursos.ufrrj.br\/grad\/fisica\/#website"},"datePublished":"2023-09-18T20:58:17+00:00","dateModified":"2026-08-25T12:09:17+00:00","breadcrumb":{"@id":"https:\/\/cursos.ufrrj.br\/grad\/fisica\/calendario-de-reunioes\/#breadcrumb"},"inLanguage":"pt-BR","potentialAction":[{"@type":"ReadAction","target":["https:\/\/cursos.ufrrj.br\/grad\/fisica\/calendario-de-reunioes\/"]}]},{"@type":"BreadcrumbList","@id":"https:\/\/cursos.ufrrj.br\/grad\/fisica\/calendario-de-reunioes\/#breadcrumb","itemListElement":[{"@type":"ListItem","position":1,"name":"In\u00edcio","item":"https:\/\/cursos.ufrrj.br\/grad\/fisica\/"},{"@type":"ListItem","position":2,"name":"Calend\u00e1rio de Reuni\u00f5es"}]},{"@type":"WebSite","@id":"https:\/\/cursos.ufrrj.br\/grad\/fisica\/#website","url":"https:\/\/cursos.ufrrj.br\/grad\/fisica\/","name":"Curso de F\u00edsica","description":"Universidade Federal Rural do Rio de Janeiro \u2013 UFRRJ","potentialAction":[{"@type":"SearchAction","target":{"@type":"EntryPoint","urlTemplate":"https:\/\/cursos.ufrrj.br\/grad\/fisica\/?s={search_term_string}"},"query-input":{"@type":"PropertyValueSpecification","valueRequired":true,"valueName":"search_term_string"}}],"inLanguage":"pt-BR"}]}},"acf":[],"_links":{"self":[{"href":"https:\/\/cursos.ufrrj.br\/grad\/fisica\/wp-json\/wp\/v2\/pages\/1605","targetHints":{"allow":["GET"]}}],"collection":[{"href":"https:\/\/cursos.ufrrj.br\/grad\/fisica\/wp-json\/wp\/v2\/pages"}],"about":[{"href":"https:\/\/cursos.ufrrj.br\/grad\/fisica\/wp-json\/wp\/v2\/types\/page"}],"author":[{"embeddable":true,"href":"https:\/\/cursos.ufrrj.br\/grad\/fisica\/wp-json\/wp\/v2\/users\/127"}],"replies":[{"embeddable":true,"href":"https:\/\/cursos.ufrrj.br\/grad\/fisica\/wp-json\/wp\/v2\/comments?post=1605"}],"version-history":[{"count":6,"href":"https:\/\/cursos.ufrrj.br\/grad\/fisica\/wp-json\/wp\/v2\/pages\/1605\/revisions"}],"predecessor-version":[{"id":2279,"href":"https:\/\/cursos.ufrrj.br\/grad\/fisica\/wp-json\/wp\/v2\/pages\/1605\/revisions\/2279"}],"wp:attachment":[{"href":"https:\/\/cursos.ufrrj.br\/grad\/fisica\/wp-json\/wp\/v2\/media?parent=1605"}],"curies":[{"name":"wp","href":"https:\/\/api.w.org\/{rel}","templated":true}]}}

Calendário de Reuniões

<p class="wp-block-paragraph">Cronograma para as reuniões ordinárias do Departamento de Física no ano de 2026:</p>



<ul class="wp-block-list">
<li>13/01 (terça-feira) às 10h,</li>



<li>11/02 (quarta-feira) às 10h,</li>



<li>05/03 (quinta-feira) às 13h,</li>



<li>08/04 (quarta-feira) às 15h,</li>



<li>05/05 (terça-feira) às 15h,</li>



<li>08/06 (segunda-feira) às 13h,</li>



<li>03/07 (sexta-feira) às 13h,</li>



<li>13/08 (quinta-feira) às 15h,</li>



<li>09/09 (quarta-feira) às 13h,</li>



<li>06/10 (terça-feira) às 13h,</li>



<li>09/11 (segunda-feira) às 15h e</li>



<li>04/12 (sexta-feira) às 15h.</li>
</ul>

<p>Cronograma para as reuniões ordinárias do Departamento de Física no ano de 2026:</p>

<!-- This site is optimized with the Yoast SEO plugin v28.3 - https://yoast.com/product/yoast-seo-wordpress/ -->
<title>Calendário de Reuniões - Curso de Física</title>
<meta name="robots" content="index, follow, max-snippet:-1, max-image-preview:large, max-video-preview:-1" />
<link rel="canonical" href="https://cursos.ufrrj.br/grad/fisica/calendario-de-reunioes/" />
<meta property="og:locale" content="pt_BR" />
<meta property="og:type" content="article" />
<meta property="og:title" content="Calendário de Reuniões - Curso de Física" />
<meta property="og:description" content="Cronograma para as reuniões ordinárias do Departamento de Física no ano de 2026:" />
<meta property="og:url" content="https://cursos.ufrrj.br/grad/fisica/calendario-de-reunioes/" />
<meta property="og:site_name" content="Curso de Física" />
<meta property="article:modified_time" content="2026-08-25T12:09:17+00:00" />
<meta name="twitter:card" content="summary_large_image" />
<meta name="twitter:label1" content="Est. tempo de leitura" />
	<meta name="twitter:data1" content="1 minuto" />
<script type="application/ld+json" class="yoast-schema-graph">{"@context":"https:\/\/schema.org","@graph":[{"@type":"WebPage","@id":"https:\/\/cursos.ufrrj.br\/grad\/fisica\/calendario-de-reunioes\/","url":"https:\/\/cursos.ufrrj.br\/grad\/fisica\/calendario-de-reunioes\/","name":"Calendário de Reuniões - Curso de Física","isPartOf":{"@id":"https:\/\/cursos.ufrrj.br\/grad\/fisica\/#website"},"datePublished":"2023-09-18T20:58:17+00:00","dateModified":"2026-08-25T12:09:17+00:00","breadcrumb":{"@id":"https:\/\/cursos.ufrrj.br\/grad\/fisica\/calendario-de-reunioes\/#breadcrumb"},"inLanguage":"pt-BR","potentialAction":[{"@type":"ReadAction","target":["https:\/\/cursos.ufrrj.br\/grad\/fisica\/calendario-de-reunioes\/"]}]},{"@type":"BreadcrumbList","@id":"https:\/\/cursos.ufrrj.br\/grad\/fisica\/calendario-de-reunioes\/#breadcrumb","itemListElement":[{"@type":"ListItem","position":1,"name":"Início","item":"https:\/\/cursos.ufrrj.br\/grad\/fisica\/"},{"@type":"ListItem","position":2,"name":"Calendário de Reuniões"}]},{"@type":"WebSite","@id":"https:\/\/cursos.ufrrj.br\/grad\/fisica\/#website","url":"https:\/\/cursos.ufrrj.br\/grad\/fisica\/","name":"Curso de Física","description":"Universidade Federal Rural do Rio de Janeiro – UFRRJ","potentialAction":[{"@type":"SearchAction","target":{"@type":"EntryPoint","urlTemplate":"https:\/\/cursos.ufrrj.br\/grad\/fisica\/?s={search_term_string}"},"query-input":{"@type":"PropertyValueSpecification","valueRequired":true,"valueName":"search_term_string"}}],"inLanguage":"pt-BR"}]}</script>
<!-- / Yoast SEO plugin. -->

Calendário de Reuniões - Curso de Física

Cronograma para as reuniões ordinárias do Departamento de Física no ano de 2026:

Curso de Física

Início
